 h(n). What is the highest common factor of 133 and g?
19
Let l be (14/10)/(2/10). Let k(s) = 29*s + 5. Let r be k(l). Let t = r + -138. Calculate the greatest common divisor of t and 14.
14
Let l = -2 + 8. Suppose 10*g - l*g = -36. Let v(k) = -2*k + 4. Let t be v(g). Calculate the greatest common factor of t and 2.
2
Let p(m) = -12*m - 87. Let f be p(-29). Calculate the highest common divisor of 58 and f.
29
Suppose 3 - 5 = -z. Let h be 7/35 + z/(-10). Let v = h - -7. Calculate the greatest common factor of 1 and v.
1
Let l(r) = -r - 3*r - 6*r + 9*r - r**2. Let k be l(-6). Let w = -21 - k. What is the greatest common factor of w and 81?
9
Let s(y) = -8*y + 4. Let q be s(-3). Let v = 17 - 32. Let t be (-6)/9 + (-70)/v. Calculate the highest common divisor of t and q.
4
Let d(p) = 21*p**2 - 17*p - 2. Let m be d(2). Let x = m + 37. Calculate the highest common divisor of 68 and x.
17
Let s(w) = w**2 + 16*w - 89. Let d be s(-21). Calculate the greatest common factor of 1504 and d.
16
Let h = 610 + -400. What is the highest common factor of 70 and h?
70
Let a = -21 + 49. Suppose 0 = 12*s - 8*s - a. Calculate the greatest common factor of 7 and s.
7
Let k = -49 - -24. Let x = -6 - k. Calculate the highest common divisor of 171 and x.
19
Let t(g) = 17*g. Let z(b) = 103*b. Let v(r) = -34*t(r) + 6*z(r). Let q be v(2). What is the highest common factor of q and 20?
20
Suppose 4 + 1 = 4*q + 3*r, -3*r - 3 = 0. Let i be (105/(-14))/(q/(-32)). Suppose 2*s = -3*s + i. Calculate the greatest common divisor of s and 60.
12
Suppose -2*r = -6*r + 24. Let y = 0 + 5. Suppose 3*t - y*c - r = -4, t = 5*c - 6. What is the highest common factor of t and 28?
4
Let c(g) = -g**3 - 3*g**2 + 2*g - 20. Let w be c(-6). Let l = w + -53. Calculate the highest common divisor of l and 69.
23
Let i(a) = 16*a - 336. Let o be i(23). Calculate the highest common divisor of 736 and o.
32
Suppose 17*t + 125 - 1485 = 0. Let o be (-37)/(-2) - 9/(-6). What is the highest common divisor of o and t?
20
Suppose -608*o + 613*o - 380 = 0. What is the greatest common factor of o and 266?
38
Let y be (-65)/(-26) + (-670)/(-4). Calculate the highest common factor of 10 and y.
10
Let g be 1/(-8 + 2035/253). Calculate the greatest common divisor of g and 2944.
23
Suppose 386*n - 664*n = -14456. Let x(z) = 8*z**3 - 2*z**2 + 2*z + 4. Let k be x(3). Calculate the greatest common factor of n and k.
52
Let t(h) = 189*h - 171. Let v be t(2). What is the highest common factor of v and 552?
69
Let s = 46 - 34. Calculate the highest common divisor of 20 and s.
4
Let b = 39 - 28. Suppose 0 = 5*u - 58 - 52. Calculate the highest common divisor of u and b.
11
Let i(a) = 8*a - 3. Let v be i(6). Let z = -45 - -27. Let y be (-12)/(-12) - (1 + z). Calculate the greatest common factor of v and y.
9
Let v be -2 - 2/(-2) - -3. Suppose -v*r = r - 60. Let n be 17 - (-2)/((-8)/(-12)). What is the greatest common factor of r and n?
20
Suppose -a - 3*a + 20 = 0. Suppose 0 = 5*l + 17 - 42. Suppose -4 = -l*b + 6, 3*m - 144 = 3*b. Calculate the highest common factor of m and a.
5
Let n be ((-20)/(-6))/((-2)/3). Let y = 13 + n. Let f(q) = q - 3. Let x be f(4). What is the highest common divisor of y and x?
1
Suppose -4*x + 4 = -z + 28, -5*z + 120 = -x. What is the greatest common factor of z and 102?
6
Suppose -5*l + 46*r + 212 = 42*r, 84 = 2*l - 2*r. What is the highest common divisor of 704 and l?
44
Let g be 130/(-1365) + (-6556)/(-42). What is the greatest common divisor of 364 and g?
52
Let l be 0 + -1 + 10 + -2. Let k(n) = n**3 + 11*n**2 + 20*n - 11. Let r be k(-8). Calculate the highest common divisor of l and r.
7
Let q = 970 + -935. Calculate the greatest common divisor of q and 40.
5
Let r(l) be the second derivative of -l**3/3 - 15*l**2 - 25*l. Let p be r(-21). What is the highest common divisor of p and 132?
12
Suppose -5*d - p + 14 = 1, 4*d - 2 = -5*p. Let f be 0/(-4) - (d - 23). Calculate the greatest common divisor of f and 160.
20
Let j(b) = -b**3 - 9*b**2 - 6*b + 6. Let a be j(-5). Let g = a - -83. What is the highest common divisor of g and 19?
19
Suppose 0 = -2*b + 3*b - 15. Let o = 38 + -41. Let f be 24/15*(-1 - (-73 + o)). Calculate the greatest common factor of b and f.
15
Suppose 2*s - 960 = s. Suppose 0 = 3*p + 2*p - s. Calculate the greatest common factor of p and 24.
24
Suppose 27 + 8 = b. Suppose -2*f = -4*p - 4, -5*f + b = -5*p - 0*p. Calculate the highest common factor of f and 12.
12
Let b be (-184)/(-161)*(-14)/(-4). Suppose -d = -5*d + 360. Let v = -54 + d. Calculate the greatest common factor of v and b.
4
Let k be (-2 - -2) + (-12)/(-16)*4. Suppose -g + 5 = 2*q - 0*g, -4*g - 5 = k*q. Suppose -4*b + 2*b + 70 = 0. Calculate the highest common divisor of b and q.
5
Suppose -2*h - 28 = -2*a, 5*a - 60 = -3*h - 2*h. Suppose -r + 12 = 4*y - a, 3*r + 2*y = 45. What is the greatest common divisor of r and 91?
13
Suppose 4*l = -4*x + 45 + 19, -5*x = -4*l - 62. Let q = 12 + x. What is the highest common divisor of q and 130?
26
Suppose -7*j = -5*j + 32. Let x be j/6*(-1)/(2/3). Calculate the highest common divisor of x and 2.
2
Suppose s + 3*d = 732, 4*s - 6*d - 905 - 1951 = 0. Calculate the greatest common divisor of s and 135.
45
Let x(d) = -2*d**3 + 186*d - 188*d - 12*d**2 + d**3 + 31. Let h be x(-12). What is the highest common factor of h and 33?
11
Suppose d + 4 = 2*d. Suppose 0 = 4*c + 5*t - 97, c - 3*c + d*t + 16 = 0. Let s = -33 - -35. What is the greatest common factor of s and c?
2
Suppose 105*i - 109*i - 375 = -5*v, -4*v + 300 = -i. Calculate the greatest common factor of 100 and v.
25
Let r(w) = 4*w**2 + 14*w + 19. Let f be r(-3). What is the greatest common divisor of 13 and f?
13
Let k(y) = 5*y**3 + 2*y**2 - 1. Let u be k(1). Suppose 5*c + 15 = u*c. Suppose x - 13 - 17 = 0. Calculate the greatest common divisor of x and c.
15
Suppose d = -1 + 6. Suppose -11 = -d*k + 14. Suppose z = -k + 18. What is the greatest common factor of z and 39?
13
Let i(u) = u**3 + 11*u**2 + 11*u + 13. Let t be i(-10). Suppose 5*r - t*r = 60. Calculate the highest common factor of r and 15.
15
Let s(r) = r + 8. Let c be s(-11). Let o be (151 - 0)/((-3)/c). Let x = -55 + o. What is the greatest common divisor of x and 12?
12
Let s(r) = -r**3 - r**2 - r + 32. Let h be s(0). Let w = -3165 + 3453. Calculate the greatest common factor of w and h.
32
Let k(v) = 86*v + 554. Let q be k(-4). Calculate the greatest common factor of 14 and q.
14
Let n be (0/(-3) + -3)*(-49 + 1). Calculate the highest common divisor of 624 and n.
48
Suppose -5*d = 0, 0 = -5*m - 2*d + 195 + 280. Suppose 5*z = 3*p - m, 2*p + 0*z - z = 75. Let n = -63 + 73. What is the greatest common factor of n and p?
10
Suppose -3 - 2 = -g. Suppose -3*y + 15 = -0*y - 3*s, 0 = -5*y + 2*s + 19. Let d = g - y. What is the greatest common factor of d and 18?
2
Let b(g) = -g**2 + 58*g + 18. Let x be b(58). What is the highest common factor of 36 and x?
18
Let l(c) = 6*c + 37. Let u be l(-4). Calculate the greatest common factor of u and 247.
13
Suppose 7*n = 5*n + 2. Let k = 14 + -3. Calculate the highest common factor of n and k.
1
Let c = 2 + 0. Suppose -3*n = -g - 175 - 116, -4*g = c*n - 208. Suppose 0 = 9*m - 816 + 690. Calculate the greatest common factor of m and n.
14
Let v be (-4)/6*(16 + -6 + -16). Calculate the highest common divisor of 292 and v.
4
Suppose -2*s - 3*s + 2*i + 318 = 0, 0 = -2*i - 8. Suppose -4*k + 122*p = 119*p - 381, p = -5*k + 462. Calculate the highest common divisor of k and s.
31
Let s = 130 - 10. What is the highest common factor of s and 30?
30
Let g = -23 - -32. Suppose -4*v + 35 = -g. Suppose 10*k = 5*k + 385. Calculate the highest common factor of v and k.
11
Let d(w) = w**2 - 4*w - 9. Let j be d(7). Suppose -j*f - 6*f = -3564. Calculate the greatest common divisor of 18 and f.
18
Let f = 95 - -139. What is the greatest common factor of f and 18?
18
Let d = -21 + 131. Suppose -5*a + 44 = 2*p, -3*a - d = -4*p - p. What is the highest common factor of p and 110?
22
Suppose -4*h + 960 = -25*f + 30*f, -5*f - h = -975. Calculate the greatest common divisor of 252 and f.
28
Suppose 4*b + 4*q - 336 = 64, -3*b - 5*q = -304. Let w = 0 - -4. Suppose 4*r + 0*r = w*k + 52, -r + 5*k = -9. What is the greatest common factor of b and 